2?
110110000
-1000020120 (base 3) to base 2
-100110110010100
Convert 387 (base 15) to base 8.
1442
What is -186a (base 12) in base 15?
-d27
Convert 130422 (base 8) to base 12.
22296
What is 3b5 (base 16) in base 9?
1264
-131121 (base 5) to base 8
-12051
-18a5 (base 14) to base 11
-3392
What is da (base 14) in base 2?
11000000
What is -367 (base 15) in base 4?
-30010
What is 110101011 (base 2) in base 10?
427
6 (base 8) to base 9
6
Convert 1330 (base 6) to base 16.
156
a4 (base 11) to base 14
82
-120010110 (base 3) to base 10
-11028
-1563 (base 7) to base 3
-212110
Convert 2333 (base 5) to base 12.
247
-21687 (base 9) to base 11
-a916
6557 (base 8) to base 7
13012
-537 (base 10) to base 14
-2a5
What is 1010000 (base 2) in base 6?
212
Convert -10630 (base 7) to base 14.
-dc0
434322 (base 5) to base 12
87aa
What is 8618 (base 12) in base 14?
5508
Convert 12156 (base 7) to base 2.
110001101001
c61 (base 14) to base 12
14b1
What is 5235 (base 6) in base 4?
102113
-2424 (base 7) to base 3
-1020100
120100211 (base 3) to base 4
2233000
What is af9 (base 16) in base 5?
42214
Convert 217 (base 8) to base 14.
a3
What is 4342 (base 6) in base 12?
6b2
Convert -20063 (base 7) to base 15.
-1682
1a7 (base 13) to base 14
17c
-13224 (base 5) to base 12
-748
What is -128 (base 9) in base 3?
-10222
Convert 13251 (base 7) to base 6.
24300
440014 (base 5) to base 15
46a9
-121112002 (base 3) to base 4
-2330030
-423 (base 13) to base 8
-1301
What is 1930 (base 10) in base 6?
12534
Convert 10002202 (base 3) to base 2.
100011010101
2005 (base 6) to base 8
665
-1251 (base 8) to base 13
-405
Convert -5205 (base 12) to base 11.
-6791
What is -6771 (base 14) in base 16?
-460f
Convert 1174 (base 8) to base 5.
10021
Convert -5dd (base 15) to base 14.
-6b3
Convert 4336 (base 7) to base 12.
a8a
Convert -1020102 (base 3) to base 13.
-545
What is -10022 (base 3) in base 16?
-59
Convert -205 (base 6) to base 15.
-52
-1678 (base 16) to base 7
-22525
What is 1034 (base 10) in base 8?
2012
What is -1029 (base 11) in base 5?
-20422
Convert -111000100 (base 3) to base 14.
-3658
-4160 (base 12) to base 10
-7128
Convert -10213 (base 4) to base 2.
-100100111
-914 (base 11) to base 13
-66c
Convert -11100000010 (base 2) to base 5.
-24134
-1b1 (base 16) to base 11
-364
-66456 (base 7) to base 14
-612d
Convert -1211113 (base 4) to base 11.
-4968
15556 (base 7) to base 16
1132
Convert 1330 (base 9) to base 11.
829
What is 568 (base 15) in base 6?
5355
-14425 (base 6) to base 9
-3158
What is -68 (base 16) in base 12?
-88
Convert -1fc (base 16) to base 9.
-624
What is -1125 (base 6) in base 7?
-533
-22722 (base 8) to base 14
-3758
What is 80523 (base 9) in base 2?
1100111010110010
-37814 (base 9) to base 16
-6367
What is -4466 (base 10) in base 15?
-14cb
What is 5053 (base 7) in base 16?
6d9
Convert -28726 (base 9) to base 15.
-5bd0
What is 121344 (base 7) in base 12?
10983
Convert -1a88 (base 13) to base 8.
-7637
What is -195d (base 15) in base 3?
-21112021
Convert -1001001111 (base 2) to base 15.
-296
What is -3301 (base 6) in base 12?
-531
Convert -17 (base 9) to base 15.
-11
What is -102261 (base 7) in base 4?
-10103202
What is 197 (base 11) in base 16?
e3
Convert -224043 (base 6) to base 9.
-28100
What is 20937 (base 10) in base 13?
96b7
What is 3a53 (base 14) in base 15?
3095
Convert -68a (base 13) to base 3.
-1112210
1521 (base 9) to base 11
959
9b12 (base 14) to base 12
13670
Convert 430145 (base 7) to base 10.
74513
be77 (base 15) to base 4
21313003
-2332313 (base 4) to base 13
-5738
Convert 156 (base 11) to base 7.
350
-201220121 (base 3) to base 11
-a9a6
a03b (base 12) to base 2
100001110101111
Convert -64240 (base 8) to base 5.
-1324114
Convert 30423 (base 6) to base 4.
333033
Convert 899 (base 13) to base 8.
2706
What is -7845 (base 10) in base 11?
-5992
What is -18488 (base 9) in base 8?
-30775
-54 (base 9) to base 4
-301
Convert -12011 (base 5) to base 7.
-2366
Convert -42444 (base 6) to base 16.
-169c
2575 (base 9) to base 4
132023
Convert -47b8 (base 15) to base 9.
-22822
-11263 (base 10) to base 7
-44560
What is -a31 (base 11) in base 13?
-749
-11000000001 (base 2) to base 12
-a81
-777 (base 11) to base 7
-2500
7ea3 (base 15) to base 10
26928
What is -518 (base 12) in base 5?
-10430
Convert -1140422 (base 5) to base 11.
-15060
What is 180 (base 16) in base 4?
12000
-1857 (base 10) to base 7
-5262
20120 (base 4) to base 9
655
-a826 (base 11) to base 3
-201121212
-112221 (base 4) to base 7
-4140
Convert c1c (base 13) to base 5.
31203
Convert -a33 (base 11) to base 10.
-1246
What is 4154 (base 8) in base 6?
13552
Convert -403 (base 11) to base 10.
-487
Convert 2b65 (base 13) to base 15.
1d26
What is -1893 (base 15) in base 11?
-3aa0
What is 81a (base 12) in base 16?
496
-1121200 (base 3) to base 6
-5243
110331 (base 5) to base 6
25441
What is -47550 (base 8) in base 9?
-30786
121101200 (base 3) to base 4
2322300
What is 22656 (base 8) in base 5?
302041
11224 (base 6) to base 8
3100
Convert -1088a (base 12) to base 8.
-52752
1111231 (base 4) to base 3
21112011
What is 652 (base 9) in base 2?
1000010101
Convert 845 (base 12) to base 5.
14310
Convert 7a9 (base 16) to base 10.
1961
What is -21033 (base 10) in base 2?
-101001000101001
Convert 565 (base 7) to base 4.
10210
Convert -31434 (base 6) to base 2.
-1000010101110
What is 20544 (base 11) in base 3?
1112001201
What is 6518 (base 10) in base 12?
3932
4668 (base 13) to base 11
747a
What is 10545 (base 7) in base 5?
41204
-641 (base 11) to base 12
-543
What is 51204 (base 8) in base 5?
1133444
-1b24 (base 16) to base 7
-26154
-1120111 (base 5) to base 8
-47077
What is -132 (base 14) in base 6?
-1040
What is 2200 (base 4) in base 13?
c4
What is -160 (base 7) in base 12?
-77
What is 321 (base 8) in base 6?
545
Convert -152615 (base 8) to base 12.
-27779
10001101010 (base 2) to base 12
7a2
Convert 1000000 (base 3) to base 6.
3213
Convert 2101012022 (base 3) to base 9.
71168
34b (base 12) to base 2
111101011
Convert -76185 (base 9) to base 15.
-ee3e
-2101121 (base 3) to base 16
-6d0
What is 688 (base 11) in base 7?
2253
-2275 (base 8) to base 7
-3352
Convert 131542 (base 6) to base 3.
121120122
1122220 (base 3) to base 2
10010111100
What is -280 (base 9) in base 8?
-352
Convert -7a (base 15) to base 2.
-1110011
Convert -431300 (base 5) to base 7.
-60331
-62313 (base 9) to base 15
-c289
What is -12011 (base 3) in base 16?
-8b
Convert -4305 (base 15) to base 11.
-a721
Convert 473 (base 8) to base 2.
100111011
What is 13b8 (base 13) in base 4?
230213
Convert 314 (base 13) to base 5.
4044
Convert 3044 (base 6) to base 11.
565
What is -1012000 (base 3) in base 9?
-1160
Convert -445 (base 6) to base 12.
-125
What is 3442 (base 5) in base 16?
1f1
Convert bb1 (base 13) to base 12.
11ab
What is -1021 (base 6) in base 15?
-104
What is 346 (base 12) in base 11?
402
-516 (base 8) to base 7
-655
Convert -10 (base 4) to base 14.
-4
Convert 1100002020 (base 3) to base 15.
7bd9
What is -581 (base 11) in base 4?
-22312
What is 3224 (base 8) in base 7?
4624
What is -16e (base 15) in base 14?
-197
-826 (base 12) to base 3
-1121210
What is 110001 (base 3) in base 10?
325
Convert 1142114 (base 5) to base 2.
101010000011110
-1101111111010 (base 2) to base 14
-2878
101000110 (base 2) to base 14
194
What is -2440113 (base 5) in base 6?
-554135
1101011011010 (base 2) to base 7
26020
Convert -240012 (base 5) to base 2.
-10001000110101
Convert 100000010 (base 2) to base 8.
402
19a47 (base 14) to base 16
fe6f
What is -100101011111 (base 2) in base 13?
-1127
Convert 752 (base 9) to base 14.
31c
Convert 1322 (base 5) to base 9.
255
-2632 (base 7) to base 14
-519
What is -110110001 (base 2) in base 14?
-22d
What is 17087 (base 14) in base 16?
e18f
What is -59314 (base 10) in base 6?
-1134334
What is 11405 (base 11) in base 5?
1011321
1c7b (base 13) to base 3
12221021
What is 130451 (base 6) in base 5?
334324
Convert a91 (base 11) to base 14.
698
Convert 998 (base 11) to base 6.
5312
Convert 7bb (base 12) to base 10.
1151
What is 1511 (base 10) in base 11?
1154
Convert -212012 (base 3) to base 6.
-2522
20022 (base 5) to base 7
3452
What is 1102 (base 3) in base 7?
53
What is -1420 (base 7) in base 15?
-26d
148 (base 12) to base 15
d5
Convert 5345 (base 6) to bas